9 composite?
False
Is 8063 a composite number?
True
Is 410399 prime?
False
Is 2927 a prime number?
True
Is 817979 prime?
True
Is 156007 composite?
False
Is 268993 a prime number?
True
Is 18923 a prime number?
False
Is 150663 prime?
False
Is 477383 composite?
False
Is 285217 composite?
True
Is 4063 prime?
False
Is 34789 prime?
False
Is 143779 composite?
False
Is 5951 composite?
True
Is 59849 a composite number?
True
Is 199943 prime?
False
Is 30341 a composite number?
False
Is 691319 a prime number?
False
Is 12421 a prime number?
True
Is 217231 a prime number?
False
Is 424199 prime?
True
Is 64919 a composite number?
False
Is 104789 composite?
False
Is 132493 composite?
True
Is 17677 a composite number?
True
Is 443393 prime?
False
Is 17363 a composite number?
True
Is 13043 a prime number?
True
Is 4439 a composite number?
True
Is 1249169 composite?
True
Is 74311 a prime number?
True
Is 713741 composite?
True
Is 47365 a prime number?
False
Is 534473 prime?
True
Is 5987 a composite number?
False
Is 91351 prime?
False
Is 66841 a prime number?
True
Is 11887 a prime number?
True
Is 3466 a prime number?
False
Is 46793 prime?
False
Is 11402 a prime number?
False
Is 44617 composite?
False
Is 5437 composite?
False
Is 507289 composite?
False
Is 648307 a composite number?
True
Is 231749 prime?
False
Is 32707 composite?
False
Is 69973 prime?
False
Is 1450481 prime?
True
Is 1255 a composite number?
True
Is 1190921 a prime number?
False
Is 23977 a composite number?
False
Is 312434 prime?
False
Is 42887 a composite number?
True
Is 188339 a prime number?
False
Is 49727 composite?
False
Is 102967 composite?
False
Is 25661 composite?
True
Is 1762249 composite?
True
Is 959 composite?
True
Is 1930681 prime?
False
Is 24014 prime?
False
Is 37919 a composite number?
True
Is 15913 a prime number?
True
Is 389629 prime?
True
Is 21719 a prime number?
False
Is 2477 composite?
False
Is 520631 a composite number?
False
Is 11153 a prime number?
False
Is 288901 a composite number?
True
Is 6637 a prime number?
True
Is 3593 composite?
False
Is 503647 composite?
False
Is 69097 a composite number?
True
Is 323333 composite?
False
Is 5207 composite?
True
Is 14351 composite?
True
Is 1143431 composite?
True
Is 82279 a composite number?
False
Is 1472239 a composite number?
False
Is 1663 a composite number?
False
Is 8306 composite?
True
Is 132943 composite?
True
Is 2722 a composite number?
True
Is 56701 composite?
False
Is 20707 a composite number?
False
Is 394211 prime?
True
Is 366185 a composite number?
True
Is 26759 a composite number?
False
Is 765853 prime?
False
Is 31991 a composite number?
False
Is 129985 a composite number?
True
Is 302671 prime?
False
Is 1656293 prime?
False
Is 384298 a composite number?
True
Is 24443 composite?
False
Is 4619203 a composite number?
False
Is 33177 a composite number?
True
Is 13939 prime?
False
Is 4667 composite?
True
Is 1523 prime?
True
Is 52961 a composite number?
True
Is 10279 a prime number?
False
Is 9527 prime?
False
Is 47503 prime?
False
Is 35147 composite?
True
Is 1570213 prime?
False
Is 28973 prime?
False
Is 133253 a composite number?
False
Is 50021 prime?
True
Is 261115 composite?
True
Is 145147 prime?
False
Is 2479 prime?
False
Is 33409 prime?
True
Is 16033 a prime number?
True
Is 4109 composite?
True
Is 280943 a composite number?
True
Is 965749 a prime number?
True
Is 147073 prime?
True
Is 125369 a prime number?
False
Is 13771 a composite number?
True
Is 54193 a composite number?
False
Is 3989 composite?
False
Is 30271 a composite number?
False
Is 66821 prime?
True
Is 9517 a prime number?
False
Is 65861 composite?
True
Is 62459 prime?
True
Is 212899 a prime number?
False
Is 1316845 composite?
True
Is 665603 composite?
False
Is 38033 a prime number?
False
Is 3487 composite?
True
Is 3061897 a prime number?
True
Is 104843 a prime number?
False
Is 23918 composite?
True
Is 34319 prime?
True
Is 130877 composite?
True
Is 33185 prime?
False
Is 36139 prime?
False
Is 10489 prime?
False
Is 28051 composite?
False
Is 595661 composite?
True
Is 90101 a prime number?
False
Is 21911 prime?
True
Is 175481 a prime number?
True
Is 7451 a composite number?
False
Is 2503 a composite number?
False
Is 404993 a composite number?
True
Is 67999 a composite number?
True
Is 64483 composite?
False
Is 74435 composite?
True
Is 22109 a composite number?
False
Is 353013 prime?
False
Is 25621 prime?
True
Is 3203 composite?
False
Is 78061 a composite number?
True
Is 17531 composite?
True
Is 7609 composite?
True
Is 4163 a prime number?
False
Is 1961 a prime number?
False
Is 9901 prime?
True
Is 51046 a prime number?
False
Is 3019 a composite number?
False
Is 24199 a prime number?
False
Is 7793 a prime number?
True
Is 526063 composite?
False
Is 27355 prime?
False
Is 648173 a composite number?
False
Is 924979 prime?
False
Is 46957 composite?
False
Is 694763 composite?
False
Is 701951 a composite number?
False
Is 1521731 composite?
False
Is 47941 a composite number?
True
Is 197741 a composite number?
False
Is 89459 prime?
True
Is 2819 prime?
True
Is 913571 prime?
True
Is 1261 composite?
True
Is 1132561 composite?
False
Is 1634849 prime?
True
Is 254273 prime?
False
Is 11027 a prime number?
True
Is 173473 prime?
True
Is 67603 a prime number?
False
Is 121738 a prime number?
False
Is 56567 composite?
True
Is 55967 composite?
False
Is 9551 a composite number?
False
Is 271393 prime?
True
Is 12821 a composite number?
False
Is 162167 a prime number?
False
Is 85991 composite?
False
Is 3037037 a prime number?
False
Is 602347 composite?
True
Is 4699 a composite number?
True
Is 38509 composite?
True
Is 9773 a composite number?
True
Is 1289071 composite?
True
Is 757291 a prime number?
True
Is 92339 a composite number?
True
Is 27361 prime?
True
Is 105533 composite?
False
Is 10193 composite?
False
Is 3821 a prime number?
True
Is 323395 prime?
False
Is 419849 composite?
True
Is 1693 composite?
False
Is 904147 prime?
True
Is 32831 a composite number?
False
Is 208733 a composite number?
True
Is 134171 a composite number?
False
Is 54347 a composite number?
False
Is 1982 prime?
False
Is 25867 a prime number?
True
Is 81121 a prime number?
False
Is 18229 a composite number?
False
Is 1062491 a composite number?
True
Is 21797 composite?
True
Is 184031 prime?
True
Is 4189 a composite number?
True
Is 86971 a prime number?
False
Is 159337 prime?
True
Is 7451 a prime number?
True
Is 18287 prime?
True
Is 667 a composite number?
True
Is 121449 prime?
False
Is 48149 a prime number?
False
Is 76865 composite?
True
Is 11533 a composite number?
True
Is 8279 composite?
True
Is 96047 prime?
False
Is 334537 a prime number?
False
Is 7517 prime?
True
Is 2896013 prime?
True
Is 445499 composite?
False
Is 487621 prime?
False
Is 22241 a composite number?
True
Is 19801 a composite number?
False
Is 1399 a composite number?
False
Is 29347 prime?
True
Is 383954 a prime number?
False
Is 64594 prime?
False
Is 50161 prime?
False
Is 787 composite?
False
Is 11207749 a composite number?
True
Is 649217 prime?
True
Is 123373 prime?
True
Is 47423 composite?
True
Is 2789 composite?
False
Is 983867 prime?
False
Is 47363 composite?
False
Is 85159 a composite number?
False
Is 11923 a prime number?
True
Is 39971 composite?
False
Is 17783 a prime number?
True
Is 11369 a composite number?
False
Is 253259 prime?
False
Is 21302 prime?
False
Is 148061 a composite number?
False
Is 482465 composite?
True
Is 899 a composite number?
True
Is 7079 composite?
False
Is 1722839 a prime number?
True
Is 48239 composite?
False
Is 484699 prime?
False
Is 251347 prime?
True
Is 36398 a prime number?
False
Is 11107 composite?
True
Is 8467 composite?
False
Is 23971 prime?
True
Is 3949 composite?
True
Is 13997 composite?
False
Is 27857 a composite number?
True
Is 244873 prime?
True
Is 1647559 composite?
True
Is 11629 a prime number?
False
Is 67534 prime?
False
Is 3039337 a prime number?
False
Is 5155 composite?
True
Is 6761 composite?
False
Is 200951 prime?
False
Is 54823 a composite number?
True
Is 425563 prime?
True
Is 1059671 prime?
True
Is 22961 a composite number?
False
Is 163507 a prime number?
False
Is 34031 a prime number?
True
Is 2451203 a composite number?
False
Is 3271 a prime number?
True
Is 8713 a prime number?
True
Is 106199 prime?
False
Is 6734